 c be (66/55)/(1/(-5)). Let p be 4*(3 - (-21)/c). Let r be (-2 + 1)*-4 - p. Determine h(r).
-4
Let u(x) = -x**2 - 8*x - 8. Let d be u(-7). Let v(w) = -w**2 - 2*w - 1. Let c be v(d). Let b(p) be the second derivative of -p**3/6 + p**2 - p. Give b(c).
2
Let r(s) = 7*s**3 + 25*s**2 - 27*s - 32. Let w(d) = d**3 + d**2 - d - 1. Let l(i) = -r(i) + 6*w(i). Let x be l(-20). Let j(c) = c**2 - 8*c + 2. Give j(x).
-10
Let z(q) be the second derivative of -q**4/12 - q**3/6 + q**2 - 3*q. Let y be (2 + 4 - 5)*-3. Calculate z(y).
-4
Let j(w) = 2*w - 7. Let s = -47 + 45. Let p(r) = -2*r + 1. Let g(u) = s*p(u) - j(u). Give g(-6).
-7
Let v(b) = 4*b**2 + 2*b. Let s(g) = -3*g**2 - 3*g. Let l(r) = -2*s(r) - 3*v(r). Let n = -22 - -23. Give l(n).
-6
Suppose -3*h + 2*j + 74 = 7*j, -5*h + 5*j + 150 = 0. Let u be 20*1/(10/(-4)). Let n be ((-10)/u)/(7/h). Let y(s) = -s**3 + 5*s**2 + 3*s - 5. Calculate y(n).
10
Let v(j) = -9 + 1 + 13 - 8*j + j**2. Suppose -2 = -x + 4*p - 12, -3*x - 41 = -p. Let c = 20 + x. What is v(c)?
-7
Suppose -12 = -0*o - 2*o - 2*f, -5*f = o - 22. Let y be -6 + o - (5 - 2). Let q(z) = z**3 + 7*z**2 + 2*z - 2. Give q(y).
-16
Let g(o) = 21*o - 5. Let t be g(1). Let w(i) = t*i - 27*i + 12*i - 12. Give w(10).
-2
Suppose 3*p + o - 10 = -3*o, 4*p = -3*o + 11. Let m(r) = 0*r**2 + 3*r**p - 1 - 2*r**2. What is m(1)?
0
Let u(i) = 2*i + 10. Let a = 292 - 298. Determine u(a).
-2
Let g be (-256)/7 + 8/14. Let r = -33 - g. Let x(m) = 26*m + 6. Let k(n) = 9*n + 2. Let s(i) = 17*k(i) - 6*x(i). Calculate s(r).
-11
Suppose 3*l = -5*x - 1, -2 = x - 0*x. Let a(q) = q**3 + 0*q**l + 6*q**2 + 1003 - 1010. Calculate a(-6).
-7
Let v be (-28)/4 - (0 + -5). Let t(w) be the third derivative of -w**6/60 - w**5/60 + w**4/12 - 4*w**2. Give t(v).
8
Let o(n) = -2 - 3 + 3 + n**2 + n + 0*n. Let p(w) = -3*w**3 + 2*w**2 + 2*w - 2. Let g be p(2). Let l be g/4 - 4/(-8). Calculate o(l).
4
Suppose 4*q + 5*p = -1, 4*p + 0*p = -2*q - 2. Let a(s) = -11*s + q - 14*s + 19*s + s**2 + 0. Let o be (3/2)/(1/2). Determine a(o).
-8
Let k(c) = -22*c - 67. Let i(q) = -9*q - 34. Let v(a) = 5*i(a) - 2*k(a). Determine v(-19).
-17
Suppose k + 0 - 25 = 5*f, 20 = -4*f - 4*k. Let x(q) be the second derivative of q**5/20 + q**4/2 + 2*q**3/3 + q**2/2 + 16*q. Calculate x(f).
6
Let x(f) = -f**2 - f. Let y(p) = 2*p**2 + p. Let t be 14/4 - (-6)/(-12). Let a(v) = t*x(v) + 4*y(v). Calculate a(-1).
4
Let m(f) = -f**3 + 6*f**2 + f - 2. Suppose 0 = 4*c + 3*y + 28 + 25, -4*c - y - 55 = 0. Let u = 185 - 165. Let j = u + c. Calculate m(j).
4
Let r(g) = 3*g**2 - 2*g - 1. Let c(x) = -3*x**2 + x. Let j(w) = -2*c(w) - 3*r(w). Let a(o) be the first derivative of j(o). What is a(4)?
-20
Let o(g) be the third derivative of g**5/60 - 7*g**4/12 + 5*g**3/2 + 2*g**2 - 27*g. Give o(10).
-25
Suppose 0 = -5*n + 67 - 97. Let h(i) = -i**3 - 11*i**2 - 3*i - 12. Let w(j) = j**3 + 10*j**2 + 2*j + 11. Let a(g) = -5*h(g) - 6*w(g). Determine a(n).
12
Let h(q) = -q**2 + 2*q + 2. Let j be (16 + -13)*266/6. Let a be (228/j)/((-2)/(-7)). What is h(a)?
-22
Let h(m) = m - 170 - 162 + 335. Let v be 3*(0 - 24/9). Let i be (3/4)/(2/v). Calculate h(i).
0
Let a(r) = 3*r**2 + 3 - 22*r**3 + 53*r**3 - 11*r**3 - 4*r - 21*r**3. Suppose -j - 5 = 0, -j = z + 3*j + 18. Calculate a(z).
-1
Let o(v) = v + 16. Let l(p) = p**3 - 39*p**2 + 41*p - 121. Let n be l(38). Determine o(n).
9
Let j(q) = -4*q - 3 + 7*q**2 + 1 - 3*q**2. Let r(i) = 5*i**2 - 4*i - 2. Let n(o) = 6*j(o) - 5*r(o). Suppose 0*k = -2*k - 6. Calculate n(k).
1
Suppose 3 - 19 = 4*i. Let k(n) = -n - 4*n**2 - 5 - 3*n**2 - 3*n + 1 + 3*n**2 - n**3. Calculate k(i).
12
Let v(b) = -b**2 - 7*b + 10. Let j be v(-9). Let d = -8 - j. Suppose 0*m - 16 = -m + 2*p, -m - 4*p - 14 = d. Let u(f) = f**2 - 8*f + 2. Give u(m).
-10
Let r(k) = -15*k - 7*k - 14 + 27*k - 7*k. Determine r(-6).
-2
Let t(w) be the first derivative of -w**4/4 + 8*w**3/3 - 7*w + 1. Determine t(8).
-7
Let a(z) = z**3 + 7*z**2 + 9*z + 8. Suppose 0 = -3*y + 2*x - 12, 3*x + 27 = 8*y - 11*y. Determine a(y).
-10
Let l(i) = 3 - 3*i - i**3 - 4*i**2 + 5*i + 3*i. Let t be 25*(-4)/40*2. Calculate l(t).
3
Let z = 24 - 41. Let r(u) = -7*u - 8. Let b(k) = 20*k + 25. Let d(q) = z*r(q) - 6*b(q). Determine d(-6).
-8
Let h = -2 + 8. Let b(d) = h*d - 2*d + 6 - 2*d + 0*d. Give b(-4).
-2
Let d(n) = -2*n + 1. Let v(s) = s + 4. Let g be v(-8). Calculate d(g).
9
Let t(j) = -4*j - 2 - 4*j - j**2 + 5*j. Let c = 23 + -18. Let g be 2/c + (-54)/10. Calculate t(g).
-12
Let z(v) = v**3 + 4*v**2 + 6*v + 20. Let i be z(-6). Let u = -94 - i. Let h(w) = -4*w + w**3 - 3*w**2 + 7 + 2*w**2 + 6*w**2. What is h(u)?
-5
Let t(q) = 3*q**2 - q - 2. Let p(n) = -14*n**2 + 10. Let g(w) = p(w) + 5*t(w). What is g(4)?
-4
Let y(i) = 2*i**3 + 4*i**2 + 4*i + 3. Let q = -12 - -14. Suppose 7*j = q*j - 4*x - 2, 0 = 4*j + 3*x + 2. Calculate y(j).
-5
Let g(s) = -5*s**2 + s. Let o(u) = -14*u**2 + 2*u. Let i(a) = -17*g(a) + 6*o(a). Suppose -4*h - 3*b - 2*b = -24, -2*b = -5*h + 30. Calculate i(h).
6
Suppose 3*f = -2*v + 3 - 11, 2*v = 5*f + 24. Let q(u) be the third derivative of -u**5/12 + u**4/8 - u**3/2 + 2*u**2 - 2957. Determine q(v).
-17
Let a(n) = 2*n + 2. Suppose 25*l - 22*l = 12. Let z(b) = 3*b - 17. Let m be z(l). Determine a(m).
-8
Let p(r) = -5*r**2 - 2*r + 3. Let s be ((-30)/24)/(-1) + 6/(-24). Calculate p(s).
-4
Suppose 0 = 10*a + 56*a. Let v(n) = -3*n**2 - 1. What is v(a)?
-1
Suppose o + 4*o + 15 = 0. Let v(p) = p - 11. Let m(n) = -3*n + 23. Let u(f) = o*m(f) - 7*v(f). What is u(6)?
20
Let z(c) = -2*c**2 - 50. Let j be z(0). Let u = -45 - j. Let d(r) = -3*r + 7. Give d(u).
-8
Let f(n) = n**2 + 9*n - 20. Let y(j) = -9*j - 217. Let l be y(-23). What is f(l)?
-10
Let i(d) = 2*d**3 + d**2 - 1. Let l(r) be the first derivative of -11*r**2/2 + 56*r - 24. Let s be l(5). Determine i(s).
2
Let x(j) = -2*j**3 + 2*j**2 + j + 2. Let h = 1 - 0. Let y be (4 - h)*(-8)/6. Let i be -6*y/(-8) - -5. Give x(i).
-4
Let w(r) = 0*r**2 - 16*r**2 - 6 + r**2 + 14*r + r**3. Calculate w(14).
-6
Let s(b) = -5*b**2 + 5*b + 12. Let z(k) = 2*k**2 + 22 - 14 + 4*k + 3 - 6*k**2. Let g(x) = -5*s(x) + 6*z(x). Give g(0).
6
Let k(v) = -2*v**2 + 11*v - 8*v + v**2 - 4. Let m(p) = -p**3 - 16*p**2 + 17*p + 4. Let i be m(-17). Determine k(i).
-8
Let l(v) = -v**2 + 7*v - 9. Let p be 1 + -4 + 4 + 2. What is l(p)?
3
Let q(s) = s**3 + 7*s**2 + 7. Let g = 73 - 80. Give q(g).
7
Suppose 0 = -5*p - 4*x - 32, -x - 23 = 5*p - 0*x. Let h be (13 + -4 - 4) + p. Suppose -h = -3*l + 5. Let q(s) = 4*s + 1. Determine q(l).
9
Let x(i) = -2*i - 24. Let u be x(-13). Let f(s) = -62 + 29 - s**3 + 5*s**u - 4*s + 34. Calculate f(5).
-19
Suppose 7*h = m + 3*h + 44, 119 = -3*m - h. Let x = -39 - m. Let i(g) be the third derivative of -g**4/4 + 3*g**2. Determine i(x).
-6
Let z(w) = -2*w**2 - 10*w + 3. Suppose -3*h = -8*h - 25. Let d be z(h). Let n(p) = -3*p + 1. Let a(i) = 2*i. Let m(k) = 4*a(k) + 3*n(k). Calculate m(d).
0
Let f(o) be the third derivative of -o**8/1344 - o**6/720 + 3*o**5/10 - 4*o**2. Let z(c) be the third derivative of f(c). Determine z(1).
-16
Let q = -12 - -19. Suppose -q*m - 14 = -9*m. Let l(u) = 2*u - 4. Determine l(m).
10
Let x(h) = -h - 4. Let c be x(-5). Let l be c*(4 + (3 - 2)). Let i(n) be the second derivative of n**3/6 - 2*n**2 - 105*n. Calculate i(l).
1
Suppose 4*x = 8, -6 = -2*v - 3*x + 10. Let d(l) = -l + 3. Let b(t) = -t + 3. Let g(j) = v*d(j) - 4*b(j). Give g(6).
-3
Suppose 7*m - 3*m - q - 35 = 0, -3 = -3*q. Let w(d) be the second derivative of -d**5/20 + 3*d**4/4 + d**3/6 - 13*d**2/2 - 8*d. Calculate w(m).
-4
Suppose a = 15*a + 84. Let z(x) = 2*x**2 + 13*x + 2. Give z(a).
-4
Let h(q) = 0*q + 4 + 2*q + 4. Suppose 423*u - 638*u - 1505 = 0. Calculate h(u).
-6
Let g be (-30)/40*(35/9 - 4). Let d(q) be the third derivative of -g*q**4 - 13/60*q**5 + 0*q + 13*q**2 + 1/6*q**3 + 0. Determine d(1).
-14
Suppose -5*g + 1 = 3*z, 4*g + 0 = -z - 2. Suppose -5*x + 4*y + 18 = 0, -3*x + 2 = -0*x + z*y. Let d(v) = 6*v + 2. What is d(x)?
14
Let q = -4 - -6. Let y(a) = -5*a**2 - 3 + q*a**2 + 4*a**2 + 7*a + 8*a**2 + a**3. What is y(-8)?
5
Suppose 19*q - 36 = 13*q. Let r(h) = h - h**2 - 2 + 1 + 2. Let w(g) = 5*g**2 - 9*g - 10. Let d(j) = -4*r(j) - w(j). Give d(q).
0
Let i = 6 + -2. Suppose 4*f + 0*f - 28 = i*x, 4*f + 5*x + 8 = 0. Let w(k) = -7*k + 14